{"id":605,"date":"2019-11-24T19:33:41","date_gmt":"2019-11-24T19:33:41","guid":{"rendered":"http:\/\/mec.put.poznan.pl\/vibsys2020\/?page_id=605"},"modified":"2019-11-24T19:47:25","modified_gmt":"2019-11-24T19:47:25","slug":"symposium-2","status":"publish","type":"page","link":"https:\/\/mec.put.poznan.pl\/vibsys2020\/symposium-2\/","title":{"rendered":"Symposium"},"content":{"rendered":"<p>Symposium <strong>Vibrations in Physical Systems<\/strong> is a periodically organized scientific event with a 60 year old tradition. It gathers scientists working in the fields of science in which mechanical vibrations play an important role. The thematic scope of the conference includes, among others, dynamics of machinery, vibroacoustics, waves in solids and liquids, stability and control issues as well as biomechanics. The conference gathers mechanics, mathematicians, engineer-constructors, technologists and physicists around the latest advances in basic and applied sciences. It creates good conditions for exchanging experiences and establishing cooperation.<br \/>\nThe first symposium on linear and nonlinear vibrations took place on 25-26 April, 1960 in Pozna\u0144. The work of the organizing committee was headed by the chairman of the Pozna\u0144 Department of PTMTS \u2013 <a href=\"http:\/\/am.put.poznan.pl\/pl\/strona-glowna\/sylwetki\/prof-edmund-karaskiewicz\/\" rel=\"noopener noreferrer\" target=\"_blank\">prof. Edmund Kara\u015bkiewicz<\/a>.<br \/>\nFrom the PTMTS Bulletin No. 2 (Warsaw, May 1960).<\/p>\n<p><img loading=\"lazy\" decoding=\"async\" src=\"http:\/\/mec.put.poznan.pl\/vibsys2020\/wp-content\/uploads\/vibsys_history-1.jpg\" alt=\"\" width=\"584\" height=\"698\" class=\"alignnone size-full wp-image-611\" srcset=\"https:\/\/mec.put.poznan.pl\/vibsys2020\/wp-content\/uploads\/vibsys_history-1.jpg 584w, https:\/\/mec.put.poznan.pl\/vibsys2020\/wp-content\/uploads\/vibsys_history-1-251x300.jpg 251w\" sizes=\"auto, (max-width: 584px) 100vw, 584px\" \/><\/p>\n<p><img loading=\"lazy\" decoding=\"async\" src=\"http:\/\/mec.put.poznan.pl\/vibsys2020\/wp-content\/uploads\/vibsys_history-2.jpg\" alt=\"\" width=\"615\" height=\"698\" class=\"alignnone size-full wp-image-612\" srcset=\"https:\/\/mec.put.poznan.pl\/vibsys2020\/wp-content\/uploads\/vibsys_history-2.jpg 615w, https:\/\/mec.put.poznan.pl\/vibsys2020\/wp-content\/uploads\/vibsys_history-2-264x300.jpg 264w\" sizes=\"auto, (max-width: 615px) 100vw, 615px\" \/><\/p>\n<p>The idea of the periodically organized conferences was continued in the next years under the chairmanship of <a href=\"http:\/\/am.put.poznan.pl\/pl\/strona-glowna\/sylwetki\/prof-czeslaw-cempel\/\" rel=\"noopener noreferrer\" target=\"_blank\">prof. Czes\u0142aw Cempel<\/a>  and <a href=\"http:\/\/am.put.poznan.pl\/pl\/strona-glowna\/sylwetki\/prof-jaroslaw-stefaniak\/\" rel=\"noopener noreferrer\" target=\"_blank\">prof. Jaros\u0142aw Stefaniak<\/a> . Then, the chairmanship of the Symposium was taken over successively by <a href=\"http:\/\/am.put.poznan.pl\/pl\/strona-glowna\/sylwetki\/prof-jan-adam-kolodziej\/\" rel=\"noopener noreferrer\" target=\"_blank\">prof. Jan A. Ko\u0142odziej<\/a> , <a href=\"http:\/\/am.put.poznan.pl\/pl\/strona-glowna\/sylwetki\/prof-marian-ostwald\/\" rel=\"noopener noreferrer\" target=\"_blank\">prof. Marian Ostwald<\/a> , assoc. prof. Tomasz Str\u0119k, <a href=\"http:\/\/am.put.poznan.pl\/pl\/strona-glowna\/sylwetki\/prof-bogdan-maruszewski\/\" rel=\"noopener noreferrer\" target=\"_blank\">prof. Bogdan T. Maruszewski<\/a> , <a href=\"http:\/\/am.put.poznan.pl\/pl\/strona-glowna\/sylwetki\/dr-hab-inz-dobry\/\" rel=\"noopener noreferrer\" target=\"_blank\">prof. Marian Dobry<\/a>  and asst. prof. Roman Starosta. The places of the next editions of the Conference were the resort in B\u0142a\u017cejewko near K\u00f3rnik and the conference centre of the Institute of Mathematics of the Polish Academy of Sciences in B\u0119dlewo. The Symposium has permanently entered the calendar of Polish scientific events. On the 60th anniversary of the Conference we come back to Pozna\u0144 to exchange the experiences as well as recall the memories of the Symposium and its participants.<\/p>\n","protected":false},"excerpt":{"rendered":"<p>Symposium Vibrations in Physical Systems is a periodically organized scientific event with a 60 year old tradition. It gathers scientists working in the fields of science in which mechanical vibrations play an important role. The thematic scope of the conference includes, among others, dynamics of machinery, vibroacoustics, waves in solids and liquids, stability and control &hellip; <\/p>\n<p><a class=\"more-link btn\" href=\"https:\/\/mec.put.poznan.pl\/vibsys2020\/symposium-2\/\">Continue reading<\/a><\/p>\n","protected":false},"author":1,"featured_media":0,"parent":0,"menu_order":0,"comment_status":"closed","ping_status":"closed","template":"","meta":{"footnotes":""},"class_list":["post-605","page","type-page","status-publish","hentry","nodate","item-wrap"],"_links":{"self":[{"href":"https:\/\/mec.put.poznan.pl\/vibsys2020\/wp-json\/wp\/v2\/pages\/605","targetHints":{"allow":["GET"]}}],"collection":[{"href":"https:\/\/mec.put.poznan.pl\/vibsys2020\/wp-json\/wp\/v2\/pages"}],"about":[{"href":"https:\/\/mec.put.poznan.pl\/vibsys2020\/wp-json\/wp\/v2\/types\/page"}],"author":[{"embeddable":true,"href":"https:\/\/mec.put.poznan.pl\/vibsys2020\/wp-json\/wp\/v2\/users\/1"}],"replies":[{"embeddable":true,"href":"https:\/\/mec.put.poznan.pl\/vibsys2020\/wp-json\/wp\/v2\/comments?post=605"}],"version-history":[{"count":0,"href":"https:\/\/mec.put.poznan.pl\/vibsys2020\/wp-json\/wp\/v2\/pages\/605\/revisions"}],"wp:attachment":[{"href":"https:\/\/mec.put.poznan.pl\/vibsys2020\/wp-json\/wp\/v2\/media?parent=605"}],"curies":[{"name":"wp","href":"https:\/\/api.w.org\/{rel}","templated":true}]}}